 h be y(-11). Suppose -615 = 2*m + 121. Let f = h - m. Calculate the greatest common divisor of 32 and f.
32
Let a be ((-20815)/(-138))/((-2)/(-12)). Let l = a + -750. What is the highest common factor of 93 and l?
31
Let g(p) = p**3 + 10*p**2 - 2*p + 10. Let a be g(-10). Let s = 197 + -227. Let h be (s/(-1))/(-5)*-55. Calculate the greatest common divisor of h and a.
30
Let t be 805/63 + (-2)/(-9). Let r = -1 + t. Let f(x) = x**3 - 11*x**2 + 173*x - 1386. Let n be f(9). What is the highest common divisor of r and n?
3
Let p(q) = -91*q**2 + 730*q - 11. Let a be p(8). Let m be (42/3)/((-4)/(-10)). What is the highest common factor of a and m?
5
Suppose -580*h + 582*h = 28. Let g be ((-1)/3)/((-20)/360). What is the highest common factor of h and g?
2
Suppose 0 = -4*u - 2 - 10. Let w(h) = 8*h**2 - 6. Let o be w(u). Suppose -32*y = -34*y + 12. Calculate the highest common divisor of y and o.
6
Let j be 4 - (-288)/54*(-5634)/(-24). What is the greatest common factor of 64 and j?
8
Let f(y) = 88*y + 474. Let r be f(-5). What is the highest common divisor of 1071 and r?
17
Let i(l) = 14*l + 9. Let d be i(-9). Let z = 133 + d. What is the greatest common divisor of z and 272?
16
Let s be 3*(-18)/4*-2. Let y = -4706 + 4895. What is the highest common divisor of y and s?
27
Let z be 4*(-1 + (16 - 7)). Suppose z*f - 346 = 806. Calculate the greatest common factor of f and 12.
12
Let a be (20/(-2))/(3 - 5). Suppose 5*q + 2 = w - 3*w, -3*w = 5*q - 2. Let i be (-1)/1*w*10/(-8). What is the greatest common divisor of a and i?
5
Let h(w) = -23*w - 58*w - 74*w + 33*w - 13. Let a be h(-2). Calculate the highest common divisor of 42 and a.
21
Suppose 11*b = 18*b + 35. Let m be 13*-6*2*b/60. What is the greatest common divisor of m and 442?
13
Let b(v) = 33*v**2 - v + 2. Let a be b(2). Suppose 21*x + 69*x + 5760 = 0. Let j = x + a. Calculate the highest common factor of j and 34.
34
Let b = 37 + -15. Suppose 16 = 4*z - o + 2, -3*o + b = 4*z. Let w be z/(-4) - 0 - -92. Calculate the greatest common divisor of 13 and w.
13
Let c be (70/6)/(2/6). Suppose -2*k = 13*k - 14280. Suppose -1253 - k = -7*w. What is the greatest common divisor of c and w?
35
Let f = -156 - -226. Suppose -5*m + 4*u = -70, -5*m + 5*u + f = 7*u. Suppose -5*h = -2*h - 21. What is the greatest common divisor of h and m?
7
Let l = 107 + -228. Let v = -73 - l. What is the greatest common divisor of 6 and v?
6
Suppose -539*y + 3002 = -2388. Let u be (5*2)/(2/10). What is the highest common divisor of y and u?
10
Suppose -93*h + 241*h = 126*h + 37422. Calculate the greatest common factor of h and 3.
3
Suppose 6*b + 12*b + 108 = 0. Let c be (-215)/(-3) + b/9*-2. Calculate the greatest common factor of c and 1168.
73
Let w(t) = -466*t + t**2 + 25 + 459*t - 2. Let b be w(15). Calculate the highest common factor of b and 22.
11
Let s(x) = -4*x - 63. Let h be s(-16). Let b(f) = 2*f - 9. Let c be b(6). Calculate the greatest common factor of c and h.
1
Let j(y) = -y**2 - 14*y - 38. Let s be j(-4). Suppose 0 = 5*q + s*g - 385, -2*q - 2*g + 154 = -0. What is the greatest common divisor of 7 and q?
7
Suppose 112*j - 63287 = 83657 + 16240. What is the highest common factor of 124 and j?
31
Suppose 250236 = 1229*c - 1175*c. What is the greatest common factor of c and 70?
14
Let v be (-4)/(-20) - 22/10 - 9. Let a be v*-2*(-2)/4. Let z = a - -36. What is the highest common divisor of z and 10?
5
Suppose 3*c - 10156 = -5*i, 4*c + 4448 - 17978 = -i. What is the greatest common factor of c and 38?
38
Suppose -3*v - 5 = -r + 2*v, -5*v + 25 = r. Suppose -20 = -7*z + r. Suppose z*p = 110 - 35. Calculate the highest common divisor of 105 and p.
15
Let p = -20 + 14. Let t be (-3)/2*224/p. Let m = 2511 - 2455. Calculate the greatest common factor of m and t.
56
Let d be 101/(-2) + (-6)/12 + 0. Let f be 5/10 - 7/2 - d. Suppose 0 = 4*o - o - f. Calculate the greatest common factor of 4 and o.
4
Let q be (-5)/15 - (32/(-6) + -2). Let j be 11/(308/49)*12. What is the highest common divisor of j and q?
7
Let y = 42 + -18. Let q be (3 - 9)*(-51)/(-102)*-12. Calculate the highest common factor of q and y.
12
Let n = 13777 - 6877. Calculate the highest common factor of n and 20.
20
Let m be (77 - 10)*58/1. What is the greatest common factor of m and 58?
58
Let j = -2695 + 2773. Calculate the highest common factor of j and 910.
26
Let n = 11868 - 11634. Suppose 5*l - 23 + 8 = 0. Let p(w) = 7*w - 3. Let u be p(l). What is the highest common factor of n and u?
18
Suppose 0 = z - 10 + 5. Let i be 133/z - (2 - 48/20). Let h = i + -19. Calculate the greatest common divisor of h and 16.
8
Let w = -107 - -166. Suppose -4*n + 16 = 4*p - 84, 2*n + 5*p = w. Let f be (0 + 20)*n/44. What is the greatest common factor of 30 and f?
10
Let i(j) = j**3 - j + 6. Let y be i(0). Suppose 0 = 2*w - y - 30. Let z = -2138 + 2300. What is the greatest common divisor of w and z?
18
Suppose -51605 = -112*i - 80*i + 3286123. What is the greatest common divisor of i and 53?
53
Let z = 1162 + -672. Suppose -3*x + z = 11*x. What is the highest common divisor of x and 1330?
35
Suppose 2618*a = 2604*a + 2464. Calculate the highest common divisor of a and 792.
88
Let t(s) = -s**2 - 18*s + 70. Let y be t(-21). Calculate the highest common divisor of y and 151.
1
Suppose 0 = -2*i + x + 1543 - 362, -4*i - 2*x = -2358. Let k = i + -436. What is the greatest common factor of 14 and k?
14
Let d be 36/(4 - 10) - 4. Let k be (-28)/(-98) + d*(-129)/42. Calculate the highest common divisor of 31 and k.
31
Let w be (-8680)/(-4) - (3/(-12))/(2/40). What is the highest common divisor of w and 675?
75
Let o be (-417)/(-12) + (-2)/(-8). Let q = 25372 + -25344. What is the highest common factor of q and o?
7
Let b(y) = -6*y + 20. Suppose -4*a - 12 = -3*w, -a + 7 = 2*w + 21. Let g be b(a). Let o be (3 + 5/(-2))*g. Calculate the highest common factor of o and 112.
28
Suppose -4*c - 5*p + 0*p = -517, 4*c = 4*p + 472. Let m = -119 + c. Calculate the highest common divisor of 1 and m.
1
Suppose -2*w = -o - 4860 - 18444, 5*w + o = 58239. What is the highest common factor of w and 132?
33
Let q = -4247 - -4471. What is the highest common divisor of 56 and q?
56
Let n be (-1430)/195*6*(-1)/4. What is the greatest common factor of 1430 and n?
11
Let r(p) = 141*p + 6957. Let a be r(-41). What is the greatest common divisor of 96 and a?
24
Let n(h) = -4*h - 2. Let b be n(-3). Let s be (21/(-6))/((-112)/3520). Calculate the greatest common factor of s and b.
10
Suppose 180 = -20*j + 38*j. Let w = 181 - 118. Suppose -j*x - 11*x + w = 0. What is the greatest common divisor of 3 and x?
3
Suppose 5*s - 18 - 2 = 0. Let o be (10/s)/(2 - (-215)/(-110)). What is the highest common divisor of 110 and o?
55
Let m be (-5)/55 - (-78676)/286. What is the greatest common factor of m and 110?
55
Suppose -r - 3*r = -5*a - 991, -3*a - 495 = -2*r. Calculate the greatest common factor of 1411 and r.
83
Suppose -32*i + 331 = -27*i - 4*l, 4*i = -l + 248. What is the greatest common factor of 26964 and i?
63
Let b be (4 + 7/(-2))*(8 + 23 - 13). Calculate the greatest common factor of 3369 and b.
3
Let u = -253 - -500. Suppose 0 = 28*i - 61 - u. What is the highest common divisor of i and 187?
11
Suppose -5219 - 11203 = -2*m - 5*x, -m + 8217 = 4*x. What is the greatest common factor of m and 59?
59
Let r(m) = 35*m**2 - 30*m + 13. Let k be r(5). What is the greatest common factor of k and 410?
82
Let g be (-168 + 164)*(-5)/((-10)/(-48)). Let j(n) = 5*n**2 - 3*n - 4. Let r be j(3). Calculate the highest common factor of g and r.
32
Let m(u) = -5 - 1 + 5*u - 2 - 15*u + u**2. Let c be m(11). Suppose c*w = -4*t + 292, -t - 2*t - 5*w = -230. What is the greatest common divisor of t and 14?
14
Suppose 5*d = -3*l + 309, -4*l - 4*d + 368 = -52. Calculate the greatest common factor of l and 276.
12
Let n(v) = -5*v**3 - 8*v + 32. Let f be n(0). Calculate the greatest common factor of 36 and f.
4
Let v(m) = 14*m + 145. Let g(f) = 5*f + 48. Let c(x) = -17*g(x) + 6*v(x). Let p = -125 + 137. Let r be c(p). What is the highest common factor of r and 6?
6
Suppose 6777 = -3*v + 7857. Calculate the highest common divisor of 684 and v.
36
Suppose -2*s + 5*u - 38 + 21 = 0, -4*s + 5*u - 9 = 0. Suppose 5*v = s*y - 156, -3*y - v 